j + 12. Suppose 0 = -193*q + 194*q - 8. Determine y(q).
4
Let i(k) = k - 1. Suppose 0 = y - 30 - 2. Let w be y/6 - (-8)/(-24). Suppose -w*x = 5, -a - 4*x = 3*a - 16. Determine i(a).
4
Let q(t) = -17*t**3 - 1. Let s be q(-1). Suppose -a = 4*a, 4*b - 5*a + s = 0. Let h(g) = -1 - 3*g**3 + 4*g**3 - 3*g**2 + 9*g**2 + 2*g**2 - 4*g**2. Give h(b).
-1
Let n = -17 + 13. Let l be (80/(-24))/(n/6). Let i(q) = 5*q - q**3 - 1 + 0*q**2 + 5 + 4*q**2. Give i(l).
4
Let k(s) be the second derivative of 3*s**2 + 5/12*s**4 + 0 + 6*s + 2/3*s**3 - 1/20*s**5. Determine k(6).
-6
Let p = 2130 + -2128. Let v(d) = -d**3 - d**2 + 3. Let z be v(0). Let h(s) = -4*s**2 + 2*s**3 - 2 + s**2 - s**z. What is h(p)?
-6
Let v(s) = -s**2 + 7*s - 4. Let w be (-22)/(-6) + (-9)/(189/14). What is v(w)?
8
Let i = 20 + -21. Let w be (-1)/((1/23)/i). Suppose 6*u - w = 13. Let p(d) = -d + 7. Calculate p(u).
1
Let h(v) = 23*v - 41. Let t be h(2). Let k(u) = -u**2 - u + 1. Calculate k(t).
-29
Let j(b) = b**3 - 5*b**2 + 5*b - 3. Let m be j(4). Let p(s) = m + 2*s**2 - s + s**2 - s**2. Let l(c) = -2*c**2 + 13*c - 14. Let z be l(5). What is p(z)?
2
Let a(b) = -b**2 + 9*b + 2. Let n be a(8). Let q(z) = -z**3 + z**2 - 3*z + 15. Let y be q(2). Let t(g) = -y*g - 6 - g**2 + n*g + 0*g - 6*g. What is t(0)?
-6
Let u(x) = -9 + x - 10 + 24. Suppose 0 = -4*l - l - 20, -3*l - 1 = -s. Let f be u(s). Let b(i) = i**2 + 5*i - 7. Calculate b(f).
-1
Let q(x) = -2*x + 6. Suppose -4*a = 41 - 17. Let y = a + 16. Suppose 14*p - 20 = y*p. Calculate q(p).
-4
Let r(s) be the second derivative of -s**5/30 + s**4/24 - s**3/6 - 27*s**2/2 + 19*s. Let p(z) be the first derivative of r(z). Calculate p(1).
-2
Let k(f) = -5 + 44 - 5 - 23 + 0*f - 2*f**2 + 5*f. What is k(5)?
-14
Suppose 2*q + 7 = -5. Let f be 2/2 - (-1 - 3). Let h(m) = -5*m - m**2 + f*m - 6*m. Give h(q).
0
Let h(u) be the first derivative of -2*u**2 + 7/6*u**3 - 4*u - 4 - 1/6*u**4. Let r(o) be the first derivative of h(o). Determine r(4).
-8
Let p(a) = 6*a + 2. Let n be p(3). Let k = -1013 + 1028. Let r = k - n. Let c(i) = 2*i + 7. Calculate c(r).
-3
Let t be (-1 - -1 - 1)*-1. Let m(h) = 9*h**2 + 16. Let p(g) = 11*g**2 + 11. Let x(b) = 2*m(b) - 3*p(b). Calculate x(t).
-16
Let k(a) = 11*a - 3. Suppose -2 = -2*m - t, 3*t = 3*m - 2*t - 16. What is k(m)?
19
Let j(f) be the first derivative of 2*f**3/3 - 5*f**2/2 + 4*f + 1. Suppose 8 = 6*y - 10. What is j(y)?
7
Suppose -8*l + 3*l - 2*b = 0, 0 = -2*l + 3*b + 19. Let w(q) = -3*q**2 + 6 + q**2 - 10*q + 4*q + q**l. Give w(-5).
11
Let v(p) = 0 - 3*p**3 - 9 + 2 - 7*p**2 - 4*p. Let u(x) = -5*x**3 - 13*x**2 - 8*x - 13. Let c(s) = 4*u(s) - 7*v(s). Determine c(4).
-3
Suppose l + 4*c = -20 + 5, -5*l = -c + 75. Let j be (-5)/(-15*1)*l. Let z(f) = -7*f**2 - 3*f. Let y(w) = -4*w**2 - w. Let n(m) = -5*y(m) + 3*z(m). Give n(j).
-5
Suppose -2*p + 3*v + 2 = 0, -4 = -4*p + v + v. Let w(u) = 4*u - 1. Let y be w(p). Let o(x) = -10*x**3 - 2 + 18*x**y + 1. Determine o(1).
7
Let h(a) = a - 1. Let u(c) = 10*c + 8. Let l(o) = 2*h(o) + u(o). Determine l(-3).
-30
Let s(q) = q**3 + 6*q**2 + 5*q - 1. Let m be 10/(-1 + -1 + 1). Let y = m - -8. Let p = y + -3. Give s(p).
-1
Let m(t) = t**3 - t + 5 - 2*t + 0*t + 4*t**2. Suppose -2*f + 0*f = 4*z - 72, 5*f = -z. Suppose -5*s + 4*a - 4 = -0, 0 = -3*s - 2*a - z. What is m(s)?
17
Let t(y) = -3*y**3 + y**2 - 1. Suppose -j - 4*j = -5, 0 = -3*o - 5*j + 26. Suppose -5*k + u = -3 - 12, -2*u - 6 = -2*k. Suppose -o*w - k = -4*w. What is t(w)?
3
Suppose -50*o = -47*o - k - 7, -2*k = -4. Let v(m) = -21*m + 59. What is v(o)?
-4
Let s(i) = 2*i**2 - 3*i + 4. Let x(q) = -q**2 + 2*q - 2. Let h be 14/(-70) - (-52)/10. Let m(n) = h*x(n) + 3*s(n). Suppose -4 = 3*t + 2. Calculate m(t).
4
Let f(z) = -3*z**2 - 9*z - 2. Let d(q) = -5*q**2 - 9*q - 1. Let k(j) = 2*d(j) - 3*f(j). Determine k(8).
12
Let r be (-2 - -3)/((-8)/(-136)). Let y(z) = -r*z - z**3 + 19*z + 10 - 7. What is y(-2)?
7
Let u(q) = -4*q**2 - q + 2. Let g be 12/(-10)*(60/(-9) + 5). What is u(g)?
-16
Suppose -4*x - 8 = 2*v, v - 7 = 3*v + 3*x. Let i = v - -5. Let u(n) = 1 - i*n + n + 1 + 3. What is u(6)?
-7
Suppose -2*v + 5*d = 10, 4*v + 0*d - 4*d - 4 = 0. Let x(y) = 11*y + 1. Let q(w) = 12*w + 1. Let o(u) = v*x(u) - 4*q(u). What is o(1)?
8
Let a(z) = z - 7. Let t be (1 - 1)/((-7)/(-7)). Let k be -2 + -1 - (-11 - t). Calculate a(k).
1
Suppose -3*h = -18 - 30. Suppose -m - 2*k + 12 = 0, 5*m + 2*k - 20 = h. Suppose 4*a = 2*z - 24, 5*z - 4 - m = 0. Let i(d) = 4*d + 3. Calculate i(a).
-17
Let l(n) = 15 - 51 + 11 + 8*n**2 + 12 + 14. Let u be (-2)/6*(-2 + 5). What is l(u)?
9
Let h(i) = 1 + 61*i - 4 + i**2 - 24*i - 35*i. Calculate h(-5).
12
Let h(i) be the first derivative of -i**2/2 + i - 99. Give h(-4).
5
Let g be 1 - (-2)/(-1 - 1). Let v(m) = 2*m + 3 + g*m - m. Give v(-3).
0
Suppose -h + 1 = -2*h. Let z be h/(-5) + (-63)/15. Let k(r) = -r + 5. Let w(y) = 2*y - 10. Let i(c) = -7*k(c) - 3*w(c). Give i(z).
-9
Let l(j) be the first derivative of 9/2*j**2 - 5 - 5/24*j**4 + 0*j - 1/60*j**5 + 0*j**3. Let y(p) be the second derivative of l(p). What is y(-4)?
4
Let l(a) = -3 + 3*a - 2*a - 2*a. Let h = -32 + 32. Suppose h = -11*c + 14*c. Give l(c).
-3
Let l(x) be the second derivative of x**3/2 + x**2 - 5321*x. Let q(c) = 2*c**3 + c - 1. Let d be q(1). Determine l(d).
8
Let q(s) = 149*s**3 - 41*s**2 - 8 - 150*s**3 + 47*s**2 + 8*s. Determine q(7).
-1
Suppose -12*t - 5*o = -14*t - 5, 0 = 3*t - 5*o + 20. Let r(a) = a + 21. Give r(t).
6
Let d = 17 + -32. Let n = d - -20. Suppose -2*b = -l - 12, n*l + 12 = 5*b - 33. Let p(r) = -r**2 - 7*r - 8. Give p(l).
-2
Let g(a) = -a**3 + 3*a**2 + 5*a - 7. Let c be g(4). Let o = -6 - c. Let j(f) = -f**2 - 4*f - 2. Give j(o).
1
Let h(w) = 2*w - 3. Let c(i) = -8 + i + 0*i + 7. Let k(g) = -4*c(g) + h(g). What is k(2)?
-3
Let h(a) = -a - 1. Let o(r) = -r. Let w(x) = -4*h(x) + 5*o(x). Calculate w(-4).
8
Let p = -15 - -9. Let a(w) = w. Let l(c) be the third derivative of -c**4/12 - 5*c**3/6 - 5*c**2. Let h(t) = 3*a(t) + l(t). What is h(p)?
-11
Let l(m) = 18*m**2 - 2*m + 1. Let x(o) = o + 11. Let a be x(-4). Let s = a + -2. Suppose w - 4 = -s*z, 4*w = -6 + 2. Determine l(z).
17
Let r(b) = 10*b**2 - b. Suppose -3*t + 11 = 4*q, 4*t - 24 + 2 = 2*q. What is r(q)?
11
Let q(r) = 2*r + 1. Suppose -3*i = 15 - 0. Let x(d) = -d**2 + 5*d + 3. Let k(o) = i*q(o) + 2*x(o). What is k(-1)?
-1
Let q(t) = -4*t + 1. Let p be (-143)/(-33) + 4/(-3) + 1. Calculate q(p).
-15
Suppose 5*z - 5*i = 36 + 9, 2*z + i = 15. Let k(r) = 3*r - 65059 - 4*r + 65063. Calculate k(z).
-4
Suppose 0*n = -4*n - 24. Let a(i) be the first derivative of i**4/4 + 7*i**3/3 + 5*i**2/2 + 6*i - 241. Calculate a(n).
12
Let l(n) = 20*n - 38. Let q(c) = 9*c - 19. Let a(f) = -4*l(f) + 9*q(f). Give a(6).
-13
Let j(l) be the first derivative of -l**2 + 146. What is j(9)?
-18
Suppose -3 = -3*a + 6. Let c(m) be the second derivative of -1/12*m**4 + 0 + 4*m**2 + 5*m + m**a. What is c(7)?
1
Let x(u) be the third derivative of -u**6/120 - u**5/20 + u**4/6 - u**3/6 - 6*u**2. Suppose r - 3*a + 4 = a, 0 = -3*r - 2*a - 12. What is x(r)?
-1
Let k(t) = 2*t**3 + t - 2 - 2*t**3 - t**3. Let l be 0 - ((22 - 10) + -10). Calculate k(l).
4
Let n(m) = m**2 - m - 1. Let u(b) = -6*b**2. Let r(s) = -5*n(s) - u(s). Let z be ((-32)/12 + 2)*-3. Suppose 4*o = 5*j + 40, z*j + 3*o - 11 = j. Calculate r(j).
1
Let f(o) = o**2 + 8*o - 6. Let v = 23 + -17. Suppose 5*t + 0*t = -k - 42, t + v = -k. Let d = t - 0. Determine f(d).
3
Suppose -4467*f + 4470*f = 27. Let t(r) = 5*r - 44. Give t(f).
1
Let q(l) = 2*l + 2. Let a(n) = 9*n + 5. Suppose 0 = -7*i + 4*i - 21. Let c(v) = -19*v - 10. Let k(r) = i*a(r) - 3*c(r). Let y(z) = -4*k(z) - 11*q(z). Give y(5).
8
Let q be 4/1*(2 + 0). Let x(i) = 34*i - 10. Let b(y) = 33*y - 9. Let o(m) = -5*b(m) + 4*x(m). Let n(z) = -10*z + 2. Let a(u) = q*n(u) - 3*o(u). Determine a(-1).
-6
Let b(p) = 42*p + 92. Let z(o) = -15*o - 30. Let q(c) = -4*b(c) - 11*z(c). What is q(-11)?
-5
Let c(j) be the third derivative of 5*j**4/24 - 4*j**3/3 + 105*j**2. Determine c(-6).
-38
Let x(n) = 2*n**3 - 13*n**2 - 9*n + 11. Suppose -5*m = 0, -m = -30*p + 26*p + 28. Give x(p).
-3
Let q = 24 - 19. Suppose -3*g + k - 30 = 2*g, -2*k + 35 = -q*g. Let u(o) = -o**3 - 4*o**2 + 6*o + 1. Determine u(g).
-4
Let l(r) = -2*r**3 - 4*r**2 + 